et b(n) = n**2 - 8*n + 7. Let f be b(7). Suppose g = -f*g + 13. What are the prime factors of g?
13
Let w(u) = u**3 - 2*u + 0*u**3 - 1 + 2*u**3 + 2*u**2 - 4*u**3. Let b be w(-3). Suppose -b = -4*a - a. What are the prime factors of a?
2, 5
Let b = -14 + 13. Let n = b - -16. What are the prime factors of n?
3, 5
Suppose 80 = 4*i + 5*f, 0*i = -2*i + 2*f + 22. Let y = i - -2. List the prime factors of y.
17
Let w be (-290)/(-6) - (-4)/(-12). Suppose 0 = 5*m + 18 - w. Let o(l) = l**2 - 4*l - 5. What are the prime factors of o(m)?
7
Suppose -k = 2*k - 324. Suppose 0 = -4*h - 3*t + 122, -4*t - k = 2*h - 6*h. List the prime factors of h.
29
Suppose -i = -5*x + 295, -x + 5*i = -4*x + 205. What are the prime factors of x?
2, 3, 5
Let d = -21 + 22. Suppose -4*w - d = -17. List the prime factors of w.
2
Suppose 4*n - 21 = -2*k - 3, k = -4*n + 17. Suppose -r + j + n = 0, 2*j = -3*r - j + 18. Suppose 1 = l + 2*b, r*b + 3 = -l + 1. List the prime factors of l.
3
Suppose 0 = -b + 1 + 2. Let u = 21 - b. What are the prime factors of u?
2, 3
List the prime factors of 6/(-4)*(1780/(-15) + 6).
13
What are the prime factors of 2*1/1 - (-370)/10?
3, 13
List the prime factors of (8/10)/(-5*(-6)/375).
2, 5
Suppose 4*n = -4*p + 244, p - 193 = -2*p - n. What are the prime factors of p?
2, 3, 11
Let z be (-1)/4 + 87/12. Suppose z*c - 10 = 2*c. Suppose -3*g + 2*g + 4*u + 20 = 0, c*g = 4*u + 32. What are the prime factors of g?
2, 3
List the prime factors of ((-4 - 0) + 5)/(3/21).
7
Suppose -5*u - 3*n = -68, 3*n - 18 = -u - 2*n. Suppose 0 = -2*y - 2*f + 50, -3*y + 2*f + 2 = -53. Let q = y - u. What are the prime factors of q?
2
Suppose -2*m + 31 = 5*q, -6*m + 3*q = -m - 31. Let j = 13 - m. What are the prime factors of j?
5
Let x(z) = 4 - 2 + 4*z - 1 + 0. List the prime factors of x(1).
5
Let o(c) = 4 - 6 + 1 + 7*c. List the prime factors of o(2).
13
Let p(t) = t**2 + 2. Let b be p(-4). Let w = b - 2. What are the prime factors of w?
2
Let w(r) = -r**2 + r + 3. Let k be w(0). Suppose -2*a - 3*i + 7 = 0, 0*i + 5*i - k = a. List the prime factors of 1 + (7 - (-1 + a)).
7
Let y(l) = l**2 + 8*l + 16. List the prime factors of y(-13).
3
Let t(j) be the first derivative of j**6/120 - j**4/24 + j**3/6 - j**2 - 2. Let h(q) be the second derivative of t(q). List the prime factors of h(2).
7
Let h(z) = 3*z - 1. Suppose 0*w = -3*w + 18. List the prime factors of h(w).
17
Let t = -17 + 11. What are the prime factors of -78*(1 - (-8)/t)?
2, 13
Let b(d) = -d**2 + 5*d. Let k be b(5). Suppose k = l + 2*i - 1 - 1, -5*l = -5*i - 40. List the prime factors of l.
2, 3
Suppose 0*p + 5*p + 3*s = 29, -13 = -3*p - 4*s. Let t = p - 5. Suppose 0 = -t*d + d + 2. What are the prime factors of d?
2
Let t(n) = -n**3 - n**2 + 2*n + 15. Let o be t(0). Suppose -4*d + d + 9 = 0. List the prime factors of o/3 + -3 + d.
5
Suppose z + 40 = 174. List the prime factors of z.
2, 67
Suppose 5*z + o = 4*o + 49, -z + 9 = -o. Suppose -5*h + 23 - 8 = 0. Suppose -3*j - 9 = k, -z - 14 = -h*k + 4*j. What are the prime factors of k?
3
What are the prime factors of (444/18)/((-4)/(-6))?
37
Suppose 0 = l - 2*l + 7. Let f(s) = -s**3 + 8*s**2 - 2*s - 9. List the prime factors of f(l).
2, 13
List the prime factors of (-1 + 0)*(-145 + 6).
139
Let i = 2 + -11. List the prime factors of (i/(-4))/(15/40).
2, 3
Let c = 1 - -1. Let y be c/(-7) - 6/(-21). Let l = 7 - y. List the prime factors of l.
7
Suppose 3*g = -3*k + 366, 28 = -4*g - 2*k + 510. Suppose -3*p = -4*q + 81, -5*q - 5*p + g + 26 = 0. What are the prime factors of q?
2, 3
Let h(a) = 28*a**3 + a**2 + a - 1. Let z be h(1). Let p = z + 15. Suppose -5*r - 4 = -p. List the prime factors of r.
2
Let i(p) = -p**2 + 8*p. Let y(c) = -7*c. Suppose 0 = -3*j - 2*j - 5. Let d be y(j). What are the prime factors of i(d)?
7
Suppose -8*f + 3*f = -160. What are the prime factors of f?
2
Let l(u) = 7*u + 4. Let w be l(3). Suppose 5*y = -r - 21, 3*r + 2*r - y - w = 0. What are the prime factors of r?
2
Suppose -3*p = 2*r - 57, 3*p = -r + 4*r - 108. List the prime factors of r.
3, 11
Suppose 3*t = 4*t - 8. List the prime factors of (-68)/(-18) - t/(-36).
2
Suppose -5*j = -28 + 13. Suppose -43 = -n + 2*z, -4*n = -j*z + 4*z - 172. What are the prime factors of n?
43
Let u = 3 - 3. Let q(t) = t**2 - t + 4. Let a be q(u). Let d = a - 2. List the prime factors of d.
2
Let a(p) = p + 6. Let i be a(-6). Suppose 4*q + 24 = 2*h - i*q, -5*h + 65 = -5*q. What are the prime factors of h?
2, 7
Let m = 12 + -9. Suppose -w + 0*w = -1, m*r - 73 = 5*w. List the prime factors of r.
2, 13
Suppose -k - 3*n - 36 = 0, 5*k + 0*n + 4*n + 180 = 0. Let l = k + 53. What are the prime factors of l?
17
Let d = -73 + 97. List the prime factors of d.
2, 3
Let d = 6 - 4. Let a be (-4 - -9) + 0 + -1. Let y = a + d. What are the prime factors of y?
2, 3
Let v = -166 - -302. List the prime factors of v.
2, 17
Suppose -3 = -6*s + 5*s. Let h be 6/9*90/3. Suppose h = k + s. List the prime factors of k.
17
Let j be 1*(-2)/((-4)/10). Suppose -3*w + 2 = -j*l + 21, 4*w + 7 = 3*l. What are the prime factors of (-3)/1*(w - 3)?
3
Let i = -6 + 10. Let w(v) = -15 - 11 - v**2 + 24 + 6*v. What are the prime factors of w(i)?
2, 3
Let d = 30 + 86. List the prime factors of d.
2, 29
Let f = 120 - -55. What are the prime factors of f?
5, 7
Let q = -29 - -65. List the prime factors of q.
2, 3
Let y = -37 + 66. List the prime factors of y.
29
List the prime factors of (-3 + 2*-22)/(1/(-7)).
7, 47
Let p(q) = 20*q**2 - 3*q + 2. Let z(k) = k - 4. Let x be z(5). What are the prime factors of p(x)?
19
Let n(m) = -10*m - 1. Let b be n(1). Let d = 0 - b. What are the prime factors of d?
11
Suppose 9*w - 800 = 154. What are the prime factors of w?
2, 53
Let q = 2 + 0. Let k = 5 - q. Suppose 8*a + 3*j - 28 = k*a, 2*a - 3*j = 7. What are the prime factors of a?
5
Suppose 4*g + 32 = -104. Let o = g + 58. List the prime factors of o.
2, 3
Let m = 0 - -3. Suppose m*f + 1 - 7 = 0. What are the prime factors of f?
2
Let c = -3 - 10. Let j = c + 40. Suppose 0 = -3*n - 2*y + 37, -3*n + j = -2*n - 3*y. List the prime factors of n.
3, 5
Suppose 1 = -0*q + q. Let l = 3 - q. Suppose -12 = -l*b + 2. What are the prime factors of b?
7
Let m = -131 - -425. List the prime factors of m.
2, 3, 7
Let a = 28 + 65. List the prime factors of a.
3, 31
Let p(o) be the second derivative of o**5/60 + o**4/4 - o**3 + 3*o**2/2 + o. Let b(r) be the first derivative of p(r). List the prime factors of b(-8).
2, 5
Suppose c = -4*m + 72, 5*m - 9 = -c + 59. What are the prime factors of c?
2, 11
Let t = 1 + 3. Suppose t*u - 11 = 1. What are the prime factors of u?
3
Let c(o) be the first derivative of -o**4/4 + 4*o**3/3 + 7*o**2/2 - 2*o - 5. What are the prime factors of c(5)?
2
Let i(m) = -103*m + 15. What are the prime factors of i(-2)?
13, 17
Suppose 0 = -5*p + 2*j + 84, -6*p + 8*p - 5*j = 21. Suppose -4*x + p = b, -4*b - 5*x + 53 + 8 = 0. Suppose -q + 0*q + b = 0. What are the prime factors of q?
2, 7
Suppose -7*w = -0*w - 189. What are the prime factors of w?
3
Let q(n) be the second derivative of n**5/20 - n**4/6 - 3*n**2/2 + n. Let p be q(3). Suppose w + 35 = p*w. List the prime factors of w.
7
Let i(g) = -g**3 + 6*g**2 - 4*g + 5. Let h be i(5). Suppose -5*s - 18 = -4*y, y + h = 3*y - 2*s. What are the prime factors of y?
7
Let z(w) = -23*w - 29. What are the prime factors of z(-5)?
2, 43
Let h(c) = -c - 7. Let x be h(-7). Suppose k - 4 - 1 = x. Let t = k + 2. What are the prime factors of t?
7
Let z = -119 - -172. What are the prime factors of z?
53
Let p be -9*8/(-3)*1. Suppose -q + 5*q + p = 0. List the prime factors of (-27)/q*(-8)/(-3).
2, 3
Let s(r) = -r**2 - 6*r + 2. Suppose 0*l + 8 = -l. Let d be s(l). Let y = d - -31. List the prime factors of y.
17
Suppose -4*f + 228 = x, 3*x - 5*f = 2*x + 246. List the prime factors of x.
2, 59
Suppose -2*i + 83 = -43. List the prime factors of 14/i + 151/9.
17
Let o(a) = 4 - 5*a - 6 + 6*a. Let n be o(4). What are the prime factors of n - 5/(10/(-12))?
2
Let x(i) = -i + 56. List the prime factors of x(0).
2, 7
Let f = -15 + 38. List the prime factors of f.
23
Let w(s) = -2*s**2 - 7*s - 7. Let x be w(-4). Let n = x - -38. What are the prime factors of n?
3
Let k(c) = -c**2 + 11*c - 1. Let a be k(10). Suppose -2*b = -a - 1. Let 